(s) = s**3 + 14*s**2 - 19*s + 16. Let v(w) = -3*w**2 - 12*w. Let u be v(-5). Let b be h(u). Calculate the highest common divisor of b and 57.
19
Let k(f) = 127*f - 2028. Let r be k(19). Calculate the greatest common divisor of r and 175.
35
Suppose l - 3610 = -5*u, 18*l - 17*l = 2*u + 3673. Calculate the greatest common divisor of l and 86.
43
Let c(l) = l**2 + 22*l - 2000. Let d be c(-60). Suppose -3*g - 3*i + 111 = 0, -g - i + 43 = 3*i. What is the greatest common divisor of d and g?
35
Let w(s) be the second derivative of 47*s**4/12 - 8*s**3/3 - 2*s - 22. Let q be w(4). What is the greatest common factor of q and 16?
16
Let p be 3 + (5*22/55)/(2/62). Let q be (-3374)/(-4) - 27/(-18). What is the greatest common factor of q and p?
65
Let g be (-3*(-11)/55)/(12/140). Let k(l) = 20*l - 8. Let f be k(6). What is the highest common divisor of g and f?
7
Let l = -251374 - -251379. Suppose 5*a - 34 = 41. What is the highest common divisor of l and a?
5
Let u be 2 - 0 - (69 + -91). Suppose -2659 = -u*x + 2381. What is the highest common divisor of 336 and x?
42
Let h(q) = 827*q + 24 + 808*q - 1625*q - 2*q**2 + 23*q**2. Let c be h(-2). What is the highest common factor of c and 308?
44
Let t = -481 + 756. Let c = 279 - t. What is the greatest common divisor of c and 14?
2
Let o be 2811/7 - 2 - (-128)/(-224). Let b = -30 - -49. Calculate the greatest common divisor of o and b.
19
Let p(n) = 12*n**2 + 189*n + 315. Let x be p(-14). Suppose 5*h = -10, h + 30 + 105 = b. Calculate the highest common divisor of x and b.
7
Let k = 95 + -67. Suppose 20*g + 249 - 389 = 0. Calculate the highest common factor of k and g.
7
Suppose -d + 3*d = 0, 3*j - 695 = -2*d - 203. What is the greatest common factor of 1107 and j?
41
Let a(z) = z**2 + z + 15. Let n be a(0). Suppose 3*i - 492 = -q - 167, 3*q + 75 = i. What is the greatest common divisor of i and n?
15
Suppose 0 = -3*n - 0*n + 291 + 438. What is the highest common divisor of n and 216?
27
Let o(t) = 59*t**2 - 827*t + 23. Let j be o(14). Suppose -3*p - 225 = -6*p. What is the highest common divisor of p and j?
3
Suppose 0 = 2*t - 20. Let i = 369 - 579. Let q be (i/(-49))/(2/(-126)*-3). What is the greatest common divisor of q and t?
10
Let i = -18 - -38. Suppose -4*d - i - 12 = 0. Let m be (-846)/(-24) + (-6)/d. What is the highest common divisor of m and 180?
36
Suppose h - 110 = -93. Suppose -u - z = -155, -2*u - z + 288 + 20 = 0. Suppose -u = -2*w + w. What is the greatest common divisor of h and w?
17
Suppose b - o - 7 = 0, -4*b + 5*o + 20 = -5. Let t = 222 - 200. Suppose -107 + 767 = t*l. What is the highest common divisor of b and l?
10
Let o = -72 + 308. Let a = o - 207. Let j(c) = -c**3 + 12*c**2 - 14*c - 2. Let k be j(10). What is the highest common factor of a and k?
29
Let c = 76 + -74. Let n(z) = 11 - 2*z**2 + 3 + c - 13*z**3 + 12*z**3 + 2*z. Let t be n(0). Calculate the highest common divisor of t and 16.
16
Let q be ((-2472)/60)/((-6)/15). What is the highest common factor of q and 2781?
103
Let q be 6/24 - ((-286)/8 - 0). Let x be -2*(3/6 + 15/(-6)). Calculate the greatest common divisor of q and x.
4
Let h = -33 + 121. Let j be (-11)/(14 + 2295/(-162)). What is the highest common divisor of h and j?
22
Suppose 0 = -4*q - 3*i + 856, -1070 = -3*q - 2*q - 4*i. Let t = q + -142. What is the greatest common divisor of t and 54?
18
Let p be -1*(-19 - -17) - -12. Calculate the greatest common divisor of p and 1442.
14
Suppose 200 = 22*k - 14*k. Let y be (3*(-1)/(-3))/((-16)/(-80)). Calculate the highest common factor of k and y.
5
Suppose -3*x + 22597 = 5*l, 3*l = -83*x + 81*x + 13558. Calculate the highest common factor of l and 80.
40
Let n(g) = g**3 - 6*g**2 - 50*g - 14. Let t be n(11). Calculate the greatest common divisor of t and 13571.
41
Let u be (5 - (78/30 + 0))/(16/60). Let k be (-493)/(-5) - (-6)/15. What is the greatest common divisor of u and k?
9
Let s(p) = 390*p**2 - 114*p + 76. Let w be s(3). What is the greatest common divisor of w and 12?
4
Let q(h) = -h**2 + 11*h - 4. Let g be q(5). Let t(y) = -80*y - 6. Suppose 8 = 5*l + 23. Let m be t(l). What is the greatest common divisor of m and g?
26
Let d be -1 + 2/(4/10). Suppose 3*p - 2*p = 2*t + 14, 5*t + 85 = 5*p. Suppose p*m + 2 = 22*m. Calculate the highest common divisor of d and m.
1
Suppose 58 = 4*o + 2*v, -5*o + 7*v + 56 = 4*v. Suppose -7 = -36*j + 29*j. What is the greatest common factor of j and o?
1
Let h = -1 + 2. Suppose 4*u + 41 = -5*b, 2*u + 15*b = 18*b + 7. Let z be ((-242)/33)/(u/6). What is the greatest common divisor of h and z?
1
Let f be (-90)/(-6) - (6/(-1))/2. Let v(n) = -6*n - 9. Let s be (-1)/(-6)*3*-12. Let b be v(s). Calculate the highest common factor of f and b.
9
Let l = 144 + -56. Suppose 2*b - l = -24. Let j(f) = f**2 + 47*f + 224. Let h be j(-47). Calculate the greatest common factor of h and b.
32
Suppose 521*m + 30 = 523*m + 2*g, 5*g + 15 = 0. Let d(x) = 7*x - 2 - 2 + 1. Let c be d(3). What is the highest common divisor of m and c?
18
Suppose 0 = 10*u - 1914 - 426. Calculate the highest common divisor of u and 72.
18
Let i = -195 + 1371. What is the highest common divisor of i and 32?
8
Suppose -2*w = -11*w + 378. Let o = 96 - w. Let p = o - 25. Calculate the highest common factor of p and 319.
29
Let s be 3674/4 + 15/(-30). What is the greatest common divisor of s and 12?
6
Let m be (-360)/14*((8 - 3) + (-18 - -6)). What is the greatest common divisor of 18 and m?
18
Let p = 27 + -22. Suppose -g - p*c = -3*c + 7, -g = c + 11. Let w(i) = -i**2 - 14*i + 39. Let o be w(g). What is the highest common divisor of o and 12?
12
Let y be (84/16)/(-7) - (-58729)/44. Calculate the highest common divisor of y and 174.
58
Let o(r) = r**3 - 44*r**2 + 88*r + 183. Let u be o(42). What is the highest common factor of u and 108?
27
Suppose -k = -3*b + 230, -6355*b + 3*k + 90 = -6354*b. Calculate the highest common divisor of b and 18855.
15
Let w be -1 - 0 - (-25)/25. Suppose 252 = 2*q - 3*i, w = 3*q + 6*i - 2*i - 361. Calculate the greatest common divisor of 3 and q.
3
Let p(c) = 32*c**2 + 101*c + 1262. Let y be p(-9). Calculate the greatest common divisor of y and 465.
155
Let z(k) = -5*k - 13. Let n be z(1). Let y be 1*(8 + -2)/n*-195. What is the highest common factor of 65 and y?
65
Let v(o) = -799*o + 482. Let m be v(-8). What is the greatest common divisor of m and 14?
14
Let o(h) = 12*h**2 - 2*h + 28. Let a be o(5). Suppose a + 46 = 28*s. What is the highest common factor of s and 91?
13
Suppose 3*f - 5*d = -2*d + 51, -4*f + 68 = d. Suppose 15*w - f*w - 2*i = -86, 5*w = -2*i + 212. What is the highest common divisor of w and 14?
14
Let h = 16355 - 15882. Calculate the highest common factor of h and 2021.
43
Let y(u) = -25*u + 1440. Let v be y(54). Calculate the highest common divisor of 27 and v.
9
Suppose 2*g - 2*c = 4, -2*g - 2*c + 6*c = -8. Suppose g*p + p - 39 = 0. Let t = 7346 + -6995. Calculate the highest common factor of t and p.
39
Let l = -89 - -79. Let i = 56 + l. Let x = i - 24. Calculate the greatest common factor of 220 and x.
22
Let g be ((-270)/(-24))/(-5) - 20781/(-72)*2. Suppose -2*u + 25 = p - 26, -4*u - 3*p = -107. Calculate the highest common factor of g and u.
23
Let p(w) = -w**2 - 5*w + 3. Suppose -2*q = 2*q - 0*q. Let o be p(q). Suppose f + o = 0, 3*v - 18 = 3*f + 27. Calculate the greatest common divisor of 60 and v.
12
Let t be (14 + 972/(-60))*-349 + (-1)/(-5). Calculate the highest common divisor of 108 and t.
12
Let o be (66/(-44))/((-3)/(-88)). Let v = o - -41. Let k(c) = -2*c**3 - 5*c**2 - 6*c - 7. Let q be k(v). Calculate the greatest common divisor of 20 and q.
20
Suppose 5*k + y - 5*y = 328, -3*y = -2*k + 134. Calculate the greatest common divisor of k and 504.
8
Suppose 15*u + g = 11*u + 55, u + 5 = -4*g. Calculate the greatest common factor of 8985 and u.
15
Suppose 0 = -4*o + 5*p + 845, 1495*p = -4*o + 1490*p + 755. What is the highest common divisor of 1300 and o?
100
Let y be (-3 + 140/8 + 3)*14. Calculate the greatest common factor of 350 and y.
35
Let p(t) = -9 - t**3 - 2*t - 6 - 3*t**2 - 12*t**2. Let i(n) = 15*n + 555. Let a be i(-38). Let k be p(a). What is the greatest common factor of k and 60?
15
Let o = -5880 + 6216. Calculate the highest common factor of 30 and 